 be 1/(-5) + (-213)/(-15). Is p(l) composite?
False
Let b(u) = 2*u**3 + 3*u**2 - 3*u - 5. Is b(4) a composite number?
True
Let s(m) = 32*m**2 - 10*m - 31. Is s(-4) composite?
False
Let s(y) = -2905*y - 27. Is s(-4) prime?
True
Let j = 33 + -47. Let r = j - -16. Suppose k + r*k = 1059. Is k a prime number?
True
Let m(f) be the third derivative of 0 + 5/24*f**4 - 1/120*f**6 - 3*f**2 + 4/3*f**3 + 7/60*f**5 + 0*f. Is m(6) a composite number?
True
Let l(t) = 21*t - 15. Let u(p) = -p**3 - 8*p**2 - p - 3. Let v be u(-8). Suppose -2*h + 52 = 5*m, v*h + 40 = 2*m - 4. Is l(m) a prime number?
False
Let b(k) = 19*k**2 + 4*k - 34. Is b(-11) a composite number?
False
Let k = -2 - -4. Let i be (48/80)/(k/(-10)). Is (-2)/(2/i) + 154 prime?
True
Suppose -49*w + 48*w = -18607. Is w a prime number?
False
Let q = -18 + 27. Let y = 2 - -22. Let d = y + q. Is d composite?
True
Let b(q) = 26*q**3 + q**2 - 6. Let c be b(3). Suppose 0 = -0*j + 4*j - z - 2814, -j + z + c = 0. Is j composite?
True
Let m be (-1)/(-4) - 1/4. Suppose -3*u + 147 = -m*u. Suppose -4*c = 5*k - 158, k - c = 4*c + u. Is k a prime number?
False
Is 10/((-50)/(-136765))*1 a composite number?
True
Let d(c) = 3*c**2 + 2*c - 1. Let w be d(2). Suppose w - 117 = -3*u. Let b = u - 19. Is b prime?
False
Let f(p) = -p**2 + 7*p. Let w be f(7). Suppose w = 4*h, -h - h = 2*y - 62. Is y a prime number?
True
Let l(w) = -4*w. Let p be l(0). Suppose p = -9*z + 8*z + 3223. Is z composite?
True
Let s(w) = 211*w**2 + 13*w + 14. Is s(5) composite?
True
Let l(r) = 16*r - 5. Suppose -36 = -2*u + t, 0 = t + t - 8. Let f = u - 11. Is l(f) composite?
False
Suppose -4*b = -12, 0 = 5*l + 5*b + 63812 - 444732. Is l a prime number?
False
Suppose -4*s + 1 = -11. Suppose -553 = -s*w - 3*j - j, 2*j = -10. Is w a composite number?
False
Let a(q) be the third derivative of 1/60*q**5 + 1/6*q**3 + 1/24*q**4 + 0*q + 0 - 9*q**2. Is a(-10) a prime number?
False
Let p(k) = 5*k**3 - k**2 - k + 1. Suppose 2*l + 5*j - 3 = -32, -3*l + 19 = -5*j. Let f be p(l). Let m = f - -98. Is m composite?
True
Is (-7617)/12*(-5 + 1) prime?
True
Suppose 0 = s - 5*p - 43724, -9*s + 13*s - p = 174915. Is s a composite number?
True
Is (-28)/(-35) - (-96441)/5 a composite number?
False
Let k(d) = -d**3 - 17*d**2 - 21*d + 18. Let x be k(-18). Let q = -471 + x. Is q a prime number?
False
Suppose -3*k - 3*c + 618 = 0, 2*k - 4*c - 412 = -7*c. Suppose 2*f + 422 = -k. Is 10/5*f/(-4) a composite number?
False
Let b = 192407 - 102078. Is b a prime number?
False
Let m be (-334)/(-22) - 2/11. Suppose -4*o = 3*w + 9, o = -5*w - 0*o - m. Is w/((-6)/1100) + 3 prime?
False
Suppose 3*o = 2*o + 6. Let w(u) = -5 - 243*u + 801*u - 265*u - 257*u. Is w(o) prime?
True
Suppose -h = -v + 334, 3*v - 4*v - h + 344 = 0. Let f = v - 182. Is f a prime number?
True
Suppose 3*u + 4*p - 76 = 0, 2*u - 11 = -5*p + 42. Suppose -o = -4*d - 46, 2*o = -4*d + 116 + u. Is o prime?
False
Suppose -90*d = -132*d + 3871182. Is d a prime number?
False
Let w(v) = -v**3 + 4*v**2 - 4*v + 3. Let u be w(3). Suppose -9 = 3*y - 3, u = -5*d - y + 2223. Suppose 2*b = b + d. Is b a composite number?
True
Suppose 86 = -4*i + 102. Let x(r) = 8*r**3 + 2*r**2 + 3*r + 6. Is x(i) prime?
False
Is 10059 - (0 + -2 - -4) composite?
True
Let k be (-2 - -1)/((-3)/57). Suppose -3*x + 3*j + 21 = 0, -x - x + 15 = -3*j. Suppose -x = y - k. Is y a composite number?
False
Let w = 519 + -1634. Let u = 1854 + w. Is u composite?
False
Suppose 4*z = -3 - 5. Let p(m) = -25*m**2 + 9*m - 13. Let v(c) = c**2 + 2*c - 2. Let r(h) = -p(h) + 6*v(h). Is r(z) prime?
False
Let y(j) = 26*j**3 - 3*j**2 - 10*j + 9. Let x be 16/(-8)*10/(-4). Is y(x) a composite number?
True
Let m = 3220 - 477. Is m a prime number?
False
Let f(a) = 18*a + 1. Let m(l) = l**2 + 3*l. Let b be m(-4). Suppose 5*u - 1 = b. Is f(u) composite?
False
Suppose 0 = 6*v + 131 - 4055. Let m be (722/(-8))/((-1)/(-4)). Let s = v + m. Is s a prime number?
True
Suppose -4*z + 217*r = 220*r - 78868, 3*r + 39434 = 2*z. Is z a composite number?
False
Suppose 13 = n + 4*k, -32 = 2*n + 2*n - 5*k. Let a(g) = -603*g - 8. Is a(n) composite?
False
Let f = 766 - 259. Suppose -i - 2*x = 2*i - 33, -x = -5*i + 42. Suppose f = i*h - 6*h. Is h prime?
False
Suppose 0 = 4*j - n - 1, 2*j + 3*j + 4 = -4*n. Suppose j = 4*w + w + 5*h - 370, 3*h + 12 = 0. Let d = w - 52. Is d composite?
True
Let i(f) = -f**3 + 6*f**2 - 2*f + 14. Let v be i(6). Suppose v*j = -3*j + 110. Is j prime?
False
Suppose 0 = -14*m + 17*m + c - 30898, -3*c = 4*m - 41189. Is m a composite number?
False
Let t = -11 + 12. Let z be (-14)/t + 6 + -8. Let c = -10 - z. Is c composite?
True
Suppose -4*d + 33 = -111. Let i be (d/3)/(0 + 1). Is ((-4083)/12)/((-3)/i) prime?
True
Let j be ((-1)/(-3)*4)/((-70)/(-105)). Is (-1 + 3/j)/((-2)/(-1324)) composite?
False
Suppose -2*j + 0*k - k + 69 = 0, -j = -k - 33. Suppose 5*l - j + 9 = 5*i, -4*l = i + 10. Is (-489)/i + 1/2 a prime number?
False
Suppose 0 = 93*x - 87*x + 18. Let d(s) = 6*s**2 + 3*s. Let z(k) = -k**3 + k**2 + k - 1. Let n(c) = -d(c) + 2*z(c). Is n(x) a composite number?
False
Let t(n) = -10*n**3 + 3*n**2 - 2. Let j = 25 + -48. Let c = 20 + j. Is t(c) a composite number?
True
Let p(r) = 13 + 8*r + 14*r - 37*r. Is p(-6) a prime number?
True
Suppose 39 = 4*r + j + 14, 0 = r + 2*j - 8. Is ((-34)/r)/((-3)/117) prime?
False
Suppose 0 = -207*a + 215*a - 113576. Is a a prime number?
True
Suppose 4*d + 2*c - 1659 = 1029, 5*d + 3*c - 3359 = 0. Is d composite?
False
Let c(v) = -2*v**3 - 4*v**2 + v + 1. Let f be c(-3). Is -409*(-12)/f - (-1)/4 a composite number?
False
Let y(o) = -o + 2. Let c be y(0). Let u = 88 + -83. Suppose 0 = a - 1, -707 = -u*z - c*a - 0*a. Is z a composite number?
True
Let f be (4/10)/(3 - (-26)/(-10)). Is (f - -1) + 1964 + 1 prime?
False
Suppose 23*z - 15337 = 30042. Is z prime?
True
Let w = 9 - 7. Let b(x) = 3 - x**2 + 3*x**w + 3*x + 11*x**2 + 6*x**2. Is b(2) prime?
False
Let p(w) = 3*w + 108. Is p(17) a composite number?
True
Let i be (-1)/3 - 19/(-57). Let t be 22*(42/4 - i). Let z = t + -162. Is z a composite number?
True
Suppose j - 17 + 13 = x, 10 = -5*x. Is 48 - -11 - (-2 + j) prime?
True
Let o(c) = c**2 - 6*c - 1. Let y be o(7). Suppose 9 + y = -5*m. Is -2 + m/(-1) + 90 a prime number?
False
Let l = 51 - 18. Is (-22)/l + (-575)/(-3) composite?
False
Suppose 2*r - 9 = 3*m, 3*m = m - 3*r + 7. Let j be 1 + (m - -355 - -4). Let c = j - 228. Is c prime?
True
Let s(j) = -j**2 + 12*j + 2. Let w be s(12). Suppose -4*q = -5*n + 11437 + 216, -w*n = 5*q - 4648. Is n a prime number?
False
Suppose 3*r + 6 = 5*r. Let a(l) = 7*l**2 + 7*l**2 - 10*l - 13 - r*l - l**3. Is a(12) a composite number?
True
Suppose -5*q + 12 = -8*q. Is (37 + q - -4) + 0 prime?
True
Suppose -5*s - m = -266763, -75*s + 2*m - 213408 = -79*s. Is s a prime number?
True
Let x = 2169 + -1400. Is x a composite number?
False
Let d(g) = g**3 + 21. Let p be d(0). Suppose p*m = 27*m - 222. Is m prime?
True
Let d = 44 - 18. Let u = d - 46. Is 96 + (-5)/u*4 a composite number?
False
Let y(i) = 2*i**2 + 25*i + 30. Let n be y(-25). Suppose -j + 4*m - 204 = 0, 0 = 2*m - 7*m - 10. Let d = n + j. Is d a composite number?
False
Let l = 22 + -37. Let o = l + 12. Let j = 34 + o. Is j prime?
True
Suppose -3*c + 0*y - 4*y = -7811, 0 = -c + 3*y + 2608. Is c composite?
True
Suppose 7023 = 30*f - 27*f. Let h = 4138 - f. Is h a composite number?
True
Let h be (-2 - (-321)/6)*-2. Let v = 16 - h. Is v a prime number?
False
Let h(a) = 12*a**2 + 3*a + 47. Is h(24) a prime number?
False
Let i = -7249 - -3037. Is (-12)/(-20) - i/30 a prime number?
False
Let q(l) = 9*l + 797. Let b(s) = -8*s - 797. Let a(m) = -7*b(m) - 6*q(m). Is a(0) composite?
False
Let s(r) = 3*r**2 + 4*r + 5. Let n be s(-3). Suppose -4*l - 855 = 2*i - 7*i, 4*l = -n. Is i a prime number?
True
Let c(j) = 424*j**2 - j - 2. Is c(-3) composite?
True
Suppose 16*n + 81844 = 220100. Is n a prime number?
True
Is (-163230)/(-9) - 0 - 12/(-36) prime?
False
Suppose -12*q = -3909 - 135. Is q composite?
False
Suppose -4*x - 23 - 481 = 0. Let t = -61 - x. Suppose 0*z - 5*z = -t. Is z prime?
True
Let q(t) = -195*t**3 - 9*t**2 + 5. Is q(-5) composite?
True
Let c = 58527 + -35422. Is c composite?
True
Let l be 12/(-72) - (-12418)/(-12). Let z = 1888 + l. Is z a prime number?
Tru